**4/4 + 10*h**3/3 - 5*h**2/2 - 10*h - 1. Give g(i).
26
Let o(g) = g**3 + 7*g**2 + 5*g + 10. Let z(r) = -r**3 - 13*r**2 - 3. Let y be z(-13). Let m = y + -4. What is o(m)?
-25
Let i(t) be the first derivative of 1/3*t**3 - 64 - 2*t**2 - 4*t. What is i(5)?
1
Let j be (290/35 - 3) + (-76)/266. Let r(d) = 3*d**3 - 15*d**2 + d + 9. Determine r(j).
14
Suppose -y - 5 = -2. Let w(i) = -19*i - 2*i + 20*i - i**3 - 2*i - 1 - 4*i**2. Determine w(y).
-1
Suppose 8*z + 92 = 108. Let a(f) = -17 + 26 + 6*f**2 + z*f - 12 + f**3. Give a(-4).
21
Let h(m) = -m**3 - 28*m**2 + 17*m + 68. Let o(n) = n**3 + 27*n**2 - 20*n - 68. Let l(b) = 6*h(b) + 5*o(b). Give l(-33).
2
Suppose 34*x + 200 + 242 = 0. Let r(k) = 2*k**2 + 22*k + 27. Determine r(x).
79
Let d(s) be the third derivative of 1/6*s**4 - 14*s**2 + 0*s**3 + 7/60*s**5 + 0*s + 0 + 1/720*s**6. Let w(y) be the second derivative of d(y). Determine w(-6).
8
Suppose 5*b - 2*p - 255 = -5*p, 5*b - 3*p = 225. Let a(y) = 23*y + 7 - b*y + 24*y. Give a(7).
0
Suppose 0 = -3*v - 596 + 602. Suppose -2*d - 14 = -h, -v*h + 37 + 0 = -5*d. Let i(z) = -z - 3. What is i(d)?
6
Let r(g) = 3*g**2 + g - 4. Let m(d) = -7*d**3 + 14*d**2 + 2*d - 17. Let h(v) = m(v) - 4*r(v). Give h(2).
-53
Let h(j) = -5 - 4630*j - 13 + 0 + 4631*j - 9. What is h(6)?
-21
Let a(j) = 2*j. Let z(u) = 6*u + 106. Let x be z(9). Let h = -161 + x. Determine a(h).
-2
Suppose 0 = 87*j + 153 + 276 + 6. Let v(o) = 24*o - 9. Determine v(j).
-129
Let y be (-1 + (-1 - -1))*0. Let h(d) = -290*d**2 + 76*d - 28. Let s(g) = -42*g**2 + 11*g - 4. Let r(t) = -10*h(t) + 69*s(t). Determine r(y).
4
Let y(l) = -15*l - 296. Let u be y(-20). Let p(f) = 98*f**3 + 4*f - 97*f**3 - 4*f**2 - 5*f - 4. Give p(u).
-8
Let q(j) = -j**3 - j**2 - j + 8. Let r(y) = -6*y**3 - 14*y**2 - 11*y + 48. Let v(n) = -7*q(n) + r(n). Let b be (16/6)/((-5)/(-15)). Give v(b).
24
Suppose l = 7*l - 7*l. Let x(n) = -n**3 + 2*n**2 + n + 1. What is x(l)?
1
Let s(z) = -z**2 + 4*z + 4. Let d be s(6). Let m(p) be the first derivative of -p**2/2 - 10*p - 3386. Determine m(d).
-2
Suppose -5*g = 3*x + 226, -5*x - 47 = -2*g - 94. Let k(q) = 7*q + 282. Calculate k(g).
-5
Let a(d) = -7*d + 39. Let n(o) = -3*o + 15. Let z(i) = -2*a(i) + 5*n(i). Let u(s) = s**3 - 9*s**2 - 23*s. Let x be u(11). Calculate z(x).
8
Let m(c) = -32*c**2 + 26*c**2 + 11*c**2 - 7 - c + 12 + c**3. Let y(f) = -f**3 + 9*f**2 - 15*f + 2. Let k be y(7). Determine m(k).
10
Let j = -1358 + 1351. Let d(s) be the third derivative of s**6/120 + s**5/10 - s**4/3 + s**3 - 4*s**2. Determine d(j).
13
Let d(l) = -l**3. Let y(i) = -1 + 6*i**2 - 10*i - i**2 - 4 - 14*i**2 + 4*i**3. Let x(c) = 5*d(c) + y(c). Let u(k) = -k**2 + k + 4. Let n be u(4). Give x(n).
11
Let m(i) = -i**3 + 8*i**2 + 17*i - 7. Let b be ((-120)/50)/((-2)/(-5)). Let v(f) = 2*f**3 - 15*f**2 - 32*f + 13. Let w(p) = b*v(p) - 11*m(p). What is w(4)?
-13
Let t = 3 + -5. Let w be 1092/416 + 1 + 10/(-16). Let r(h) = -16*h - 3. Let i(z) = -9*z - 2. Let o(u) = w*r(u) - 5*i(u). Calculate o(t).
7
Let w(y) = y**3 + 9*y**2 + 14*y - 14. Suppose g + 4 = 2*k + 9, -5*g - 2*k = 47. What is w(g)?
-14
Let u(b) be the third derivative of b**6/120 - 47*b**5/60 - b**4/6 + 63*b**3/2 - 3*b**2 + 211*b. What is u(47)?
1
Let i(j) = -2*j - 12. Suppose -3*l = -2*l - 2, -2*l = -4*g + 56. Suppose -6*b = -g*b - 45. Give i(b).
-2
Let q(y) = 14*y**3 - 12*y**2 + 6*y + 61. Let a(f) = 23*f**3 - 23*f**2 + 15*f + 123. Let j(g) = -3*a(g) + 5*q(g). What is j(-10)?
-14
Let r(s) = 10*s**3 + 3*s**2 - 6*s + 8. Let z(y) = 22*y**3 + 5*y**2 - 12*y + 18. Let x(q) = -9*r(q) + 4*z(q). Give x(-6).
144
Suppose 9*x = -3*r + 7*x + 52, 74 = 4*r + 5*x. Let y = r - 15. Let t(h) = -9*h**3 + h**2 + h - 1. Give t(y).
-8
Let k = 226 - 25. Suppose -67*h - k = -0*h. Let f(r) = 6*r - 7. What is f(h)?
-25
Let d(c) = -c**2 - 7*c + 8. Let a = 295 - 293. Let j be (-2)/((-4)/6) - -1. Suppose -j = a*f + 12. What is d(f)?
0
Let g = -341 + 343. Let x(d) = g - 1 + 212*d - 219*d - d**2. What is x(-6)?
7
Let u(r) = r**3 - 6*r**2 + 5*r - 1. Let y = 944 + -937. What is u(y)?
83
Let p be (25/10)/((-55)/(-66)). Let u(y) = -8 - 25*y - 26*y - 2 + 72*y - 16*y. What is u(p)?
5
Suppose -97*x + 106*x = 36. Let z(n) be the first derivative of 2*n - 1/2*n**2 - 8. Calculate z(x).
-2
Let d(h) be the first derivative of -h**2 - h - 18. Let i(g) = 8*g + 2 + 2*g**2 + 1 - 3*g**2. Let f be i(8). Determine d(f).
-7
Let t be 16*1*14/28. Let d(k) = -6*k + 6*k - k + t + 3*k. Determine d(-8).
-8
Suppose 15*t + 126 = 666. Suppose 4*j + 4*n = 28, 2*n - 4*n - t = -3*j. Let v(x) = -2*x + 14. Determine v(j).
-6
Let u(p) = p**2 + 12*p + 77. Let z be u(-6). Let b(k) = k + 10*k**3 - 5*k**3 + z - 41. What is b(-1)?
-6
Let y(v) = -16*v + 3. Let t = -1566 - -1565. Determine y(t).
19
Let b(c) = -c**3 + c**2 + c - 2. Let q(f) = f**2 - 6*f + 1. Let u be q(5). Let r be -2 + u/(-4) + 3. Let k be (-2 - r) + 0 + 4. Determine b(k).
-2
Let s(k) = -2*k**2 + 5*k - 2. Suppose c + m = -2, 0 = 2*c + 64*m - 66*m + 28. What is s(c)?
-170
Let s(g) be the first derivative of -g**6/360 + g**5/12 - 13*g**4/24 - g**3/3 + 6*g + 107. Let i(k) be the third derivative of s(k). Calculate i(8).
3
Let x(l) = -l**3 - 16*l**2 - 40*l - 13. Let n = 561 + -574. What is x(n)?
0
Let d be -7 + 4563/3 - -3. Let n(u) = 14*u + d + 2*u**2 - u**2 - 1530. Give n(-14).
-13
Let r(f) = f**3 - 3*f**2 + 6*f - 6. Suppose 19*w - 20 = 17*w. Suppose -w - 2 = -3*j + 5*y, 4*y - 20 = -5*j. Calculate r(j).
34
Let c(s) be the first derivative of s**3 - s**2 - 2*s + 3. Let w = -282 + 282. Let x be w/1 + -17 + 19. What is c(x)?
6
Let u(n) = n**3 + 2*n - 3. Suppose -3*j - 4*r = 467, -j + 2*r + 157 = -2*j. Let z = j + 155. Give u(z).
9
Suppose 3*j = 5*j + 8. Let z(y) = y**2 - 3*y + 4. Let l be z(3). Let d(b) = -6*b - b + 4 + l*b. Give d(j).
16
Let y(a) = a**3 - 8*a**2 - 9*a - 5. Let x be y(9). Let l(h) be the first derivative of h**2/2 - 10*h + 7648. What is l(x)?
-15
Let c = -7 + 5. Let k = 448 + -434. Let j(o) = o**2 + k - 22 + o**2 - 3*o + 2*o**3 + 6. Determine j(c).
-4
Let u(s) be the first derivative of -s**5/60 - s**4/12 + s**3/6 + 80*s**2 + s - 218. Let j(c) be the second derivative of u(c). Determine j(4).
-23
Let f(o) = 6*o + 248. Let g(w) = -2*w - 70. Let h(j) = 5*f(j) + 18*g(j). Give h(-8).
28
Let i(z) be the second derivative of z**6/120 - z**5/12 + z**4/12 + 2*z**3/3 + 19*z**2 - 18*z + 2. Let h(r) be the first derivative of i(r). Calculate h(4).
-4
Let q(x) = 33 - 3*x**2 + 91*x**3 - 32*x**3 - 23*x**3 - 37*x**3 - x. Give q(0).
33
Let s(p) = p**3 - 9. Let t(r) = -6*r**3 - r + 84. Let n(f) = 5*s(f) + t(f). Calculate n(0).
39
Let s(n) = -3*n**2 + 90*n + 100*n - 197*n + 4 + 2*n**2. Let i be 13*(3 - (1 + -1)). Suppose 4*d + i = -3*h, -h - 28 = 3*d + h. Calculate s(d).
10
Let n be ((-2600)/60)/26*(2 + 1). Let b(l) = 26*l + 6. Determine b(n).
-124
Let t(k) be the first derivative of 220 - 2*k + 1/3*k**3 + k**2. What is t(4)?
22
Let u be 16*(14 + -13) + -8. Let o(a) = -a**2 + 12*a - 28. Calculate o(u).
4
Let b(d) = d**3 - 25*d**2 + 22*d + 66. Let n(j) = 728*j - 15992. Let x be n(22). Calculate b(x).
18
Let g(f) be the third derivative of 0 - 28*f**2 + 7/8*f**4 + 0*f**3 + 1/30*f**5 + 0*f. Let k(r) = r**2 + 10*r. Let z(b) = -4*g(b) + 9*k(b). Calculate z(-7).
7
Let d(c) = 2*c**3 - 12*c**2 + 12*c - 8. Suppose 5*r = 24*i - 21*i + 20, 3*i = 4*r - 13. Determine d(i).
2
Suppose 6*f - 5 = 8*f - 3*k, -4*k = -3*f - 6. Let j(n) = 34*n - 26. Let t(m) = 11*m - 9. Let q(y) = 6*j(y) - 17*t(y). Calculate q(f).
31
Let f be (-1*8)/(-4)*(-1)/(-1). Suppose 0 = f*i + 78 - 38. Let o = i + 26. Let w(h) = -h**3 + 7*h**2 - 8*h + 9. Determine w(o).
-3
Let o(b) = -2*b - 4*b + 26 + 8*b + 0*b. Let w(q) = 2*q - 21. Let r be w(5). Calculate o(r).
4
Let n(f) be the second derivative of f**7/2520 + 7*f**6/720 - f**5/120 + f**4/6 - f**2/2 - 39*f. Let k(t) be the third derivative of n(t). What is k(-7)?
-1
Suppose -v = 2*v. Suppose 0 = 2*q + s + 3, 0 = -v*q - 3*q - 5*s + 13. Let w be -4 - 0*q/(24/2). Let i(b) = -3*b - 5. Calculate i(w).
7
Let p = 45 - 39. Suppose p = -9*g + 12*g. Let t(q) = 0*q + 5*q**2 - 2*q - q**g. Give t(2).
12
Let x(d) = -4*d**2 + 67*d - 348. Let i(c) = -2*c**2 - 3*c - 3. Let f(g) = -i(g) + x(g). Determine f(6).
3
Let r(q) = 49*q - 1173. Let h be r(24). Let d(v) be the second 